emainder when 51993 is divided by 17330.
3
What is the remainder when 15938 is divided by 498?
2
Calculate the remainder when 3770071 is divided by 22.
19
What is the remainder when 953 is divided by 86?
7
Calculate the remainder when 11622 is divided by 2887.
74
What is the remainder when 4082 is divided by 312?
26
Calculate the remainder when 2733 is divided by 501.
228
Calculate the remainder when 32108 is divided by 197.
194
Calculate the remainder when 63998 is divided by 83.
5
What is the remainder when 18000 is divided by 8990?
20
What is the remainder when 296588 is divided by 111?
107
Calculate the remainder when 3029 is divided by 239.
161
Calculate the remainder when 602311 is divided by 218.
195
Calculate the remainder when 2012 is divided by 389.
67
What is the remainder when 1963 is divided by 114?
25
Calculate the remainder when 12446 is divided by 322.
210
What is the remainder when 89879 is divided by 270?
239
Calculate the remainder when 139072 is divided by 47.
46
What is the remainder when 85305 is divided by 565?
555
What is the remainder when 20088 is divided by 1664?
120
What is the remainder when 9866 is divided by 201?
17
Calculate the remainder when 15266 is divided by 7614.
38
Calculate the remainder when 1361 is divided by 58.
27
Calculate the remainder when 7879 is divided by 97.
22
Calculate the remainder when 51645 is divided by 247.
22
Calculate the remainder when 43647 is divided by 43581.
66
Calculate the remainder when 9591 is divided by 1787.
656
Calculate the remainder when 59097 is divided by 230.
217
Calculate the remainder when 5195 is divided by 3258.
1937
Calculate the remainder when 60312 is divided by 15074.
16
Calculate the remainder when 493244 is divided by 9134.
8
What is the remainder when 1240 is divided by 826?
414
What is the remainder when 61599 is divided by 21?
6
What is the remainder when 1203 is divided by 48?
3
What is the remainder when 19875 is divided by 432?
3
Calculate the remainder when 5244 is divided by 522.
24
What is the remainder when 9470 is divided by 64?
62
What is the remainder when 11080 is divided by 2172?
220
Calculate the remainder when 774965 is divided by 146.
143
Calculate the remainder when 17563 is divided by 639.
310
Calculate the remainder when 5589 is divided by 812.
717
Calculate the remainder when 269168 is divided by 89689.
101
What is the remainder when 16868 is divided by 19?
15
Calculate the remainder when 5815 is divided by 1919.
58
What is the remainder when 835578 is divided by 17?
11
Calculate the remainder when 19931 is divided by 478.
333
Calculate the remainder when 84931 is divided by 68.
67
What is the remainder when 67139 is divided by 145?
4
Calculate the remainder when 32496 is divided by 6468.
156
What is the remainder when 30372 is divided by 5055?
42
What is the remainder when 2692 is divided by 2686?
6
Calculate the remainder when 1684 is divided by 154.
144
What is the remainder when 3783 is divided by 714?
213
Calculate the remainder when 262679 is divided by 660.
659
What is the remainder when 8675 is divided by 102?
5
Calculate the remainder when 17732 is divided by 97.
78
Calculate the remainder when 51978 is divided by 344.
34
Calculate the remainder when 3859 is divided by 1788.
283
What is the remainder when 132387 is divided by 1204?
1151
What is the remainder when 58260 is divided by 116?
28
Calculate the remainder when 81187 is divided by 353.
350
What is the remainder when 6345 is divided by 10?
5
What is the remainder when 120712 is divided by 3016?
72
What is the remainder when 1523 is divided by 574?
375
What is the remainder when 1272555 is divided by 121?
119
What is the remainder when 67405 is divided by 803?
756
Calculate the remainder when 1323 is divided by 50.
23
Calculate the remainder when 1374 is divided by 82.
62
Calculate the remainder when 971718 is divided by 1249.
1245
What is the remainder when 55170 is divided by 195?
180
Calculate the remainder when 1239 is divided by 539.
161
Calculate the remainder when 218071 is divided by 72689.
4
Calculate the remainder when 2862 is divided by 747.
621
Calculate the remainder when 4622 is divided by 372.
158
What is the remainder when 9193 is divided by 22?
19
What is the remainder when 31372 is divided by 14?
12
What is the remainder when 13867 is divided by 37?
29
What is the remainder when 30745 is divided by 343?
218
Calculate the remainder when 27369 is divided by 623.
580
What is the remainder when 983297 is divided by 100?
97
What is the remainder when 84829 is divided by 42410?
9
What is the remainder when 4525 is divided by 506?
477
What is the remainder when 16678 is divided by 538?
0
Calculate the remainder when 62349 is divided by 17.
10
What is the remainder when 21369 is divided by 5?
4
What is the remainder when 10376 is divided by 67?
58
Calculate the remainder when 1189 is divided by 902.
287
What is the remainder when 220 is divided by 210?
10
Calculate the remainder when 30614 is divided by 15233.
148
Calculate the remainder when 25300 is divided by 35.
30
What is the remainder when 2852 is divided by 602?
444
Calculate the remainder when 25771 is divided by 17.
16
Calculate the remainder when 2627 is divided by 1310.
7
Calculate the remainder when 2053 is divided by 233.
189
What is the remainder when 53162 is divided by 14?
4
Calculate the remainder when 23795 is divided by 28.
23
Calculate the remainder when 9941 is divided by 11.
8
Calculate the remainder when 6361 is divided by 2090.
91
What is the remainder when 6112 is divided by 698?
528
Calculate the remainder when 5282 is divided by 2339.
604
Calculate the remainder when 73035 is divided by 1223.
878
What is the remainder when 2482 is divided by 69?
67
What is the remainder when 1698620 is divided by 613?
610
Calculate the remainder when 82778 is divided by 41368.
42
What is the remainder when 94529 is divided by 1112?
9
What is the remainder when 8222 is divided by 392?
382
Calculate the remainder when 28612 is divided by 9451.
259
Calculate the remainder when 454 is divided by 92.
86
What is the remainder when 69824 is divided by 599?
340
Calculate the remainder when 156570 is divided by 1550.
20
What is the remainder when 29527 is divided by 1477?
1464
Calculate the remainder when 66253 is divided by 6615.
103
Calculate the remainder when 407 is divided by 20.
7
Calculate the remainder when 26778 is divided by 71.
11
What is the remainder when 1151 is divided by 17?
12
What is the remainder when 7295 is divided by 38?
37
What is the remainder when 3037 is divided by 1442?
153
What is the remainder when 25335 is divided by 8441?
12
What is the remainder when 187372 is divided by 93681?
10
Calculate the remainder when 17683 is divided by 88.
83
Calculate the remainder when 60562 is divided by 76.
66
Calculate the remainder when 50682 is divided by 627.
522
What is the remainder when 395181 is divided by 22?
17
Calculate the remainder when 7672 is divided by 180.
112
What is the remainder when 138531 is divided by 17?
15
Calculate the remainder when 385034 is divided by 502.
0
Calculate the remainder when 11696 is divided by 11656.
40
Calculate the remainder when 25378 is divided by 22.
12
What is the remainder when 30837 is divided by 7703?
25
Calculate the remainder when 7172 is divided by 1782.
44
What is the remainder when 613944 is divided by 106?
98
What is the remainder when 818966 is divided by 24?
14
Calculate the remainder when 10772 is divided by 111.
5
What is the remainder when 21128 is divided by 2?
0
Calculate the remainder when 30696 is divided by 1809.
1752
Calculate the remainder when 5426 is divided by 319.
3
What is the remainder when 5651 is divided by 259?
212
Calculate the remainder when 2252 is divided by 269.
100
What is the remainder when 3235179 is divided by 598?
597
Calculate the remainder when 11995 is divided by 5.
0
Calculate the remainder when 109907 is divided by 54948.
11
What is the remainder when 4349 is divided by 396?
389
What is the remainder when 2844982 is divided by 76?
74
What is the remainder when 280 is divided by 270?
10
Calculate the remainder when 2336 is divided by 2304.
32
What is the remainder when 996111 is divided by 19?
17
What is